{"id":14093,"date":"2014-03-26T14:44:33","date_gmt":"2014-03-26T14:44:33","guid":{"rendered":"http:\/\/demo.qodeinteractive.com\/bridge46\/?page_id=14093"},"modified":"2022-01-04T21:04:03","modified_gmt":"2022-01-04T21:04:03","slug":"me-guylaine-lacerte","status":"publish","type":"page","link":"https:\/\/lacertegcl.com\/en\/me-guylaine-lacerte\/","title":{"rendered":"MS. GUYLAINE LACERTE"},"content":{"rendered":"<p>[vc_row css_animation=&#8221;&#8221; row_type=&#8221;row&#8221; use_row_as_full_screen_section=&#8221;no&#8221; type=&#8221;grid&#8221; angled_section=&#8221;no&#8221; text_align=&#8221;left&#8221; background_image_as_pattern=&#8221;without_pattern&#8221; z_index=&#8221;&#8221;][vc_column width=&#8221;1\/3&#8243;][vc_separator type=&#8221;transparent&#8221; up=&#8221;7&#8243; down=&#8221;0&#8243;][vc_single_image image=&#8221;15932&#8243; img_size=&#8221;full&#8221; alignment=&#8221;center&#8221; style=&#8221;vc_box_rounded&#8221; qode_css_animation=&#8221;element_from_left&#8221; transition_delay=&#8221;0.3&#8243;][vc_separator type=&#8221;transparent&#8221; up=&#8221;15&#8243; down=&#8221;0&#8243;][vc_separator type=&#8221;transparent&#8221; up=&#8221;15&#8243; down=&#8221;0&#8243;][vc_column_text]<\/p>\n<h3><strong>MS. GUYLAINE LACERTE<\/strong><\/h3>\n<p><strong>Phone:<\/strong> 418 997.3025<\/p>\n<p><strong>Fax:<\/strong> 581 500.3701<\/p>\n<p><strong>E-mail:<\/strong> glacerte@lacertegcl.com[\/vc_column_text][vc_separator type=&#8221;transparent&#8221; up=&#8221;30&#8243; down=&#8221;10&#8243;][\/vc_column][vc_column width=&#8221;2\/3&#8243;][vc_column_text]<\/p>\n<p style=\"text-align: justify;\">After having practised with large and medium law firms, Ms. Guylaine Lacerte established her business and developed an innovative business model that offers her clientele a direct source of varied professional services which she supervises and coordinates. This approach not only allows her clients to obtain services that are out of her primary field of competence, but it also ensures that their expectations and objectives are met.<\/p>\n<p>[\/vc_column_text][vc_separator type=&#8221;transparent&#8221; up=&#8221;0&#8243; down=&#8221;10&#8243;][vc_column_text]Known for her efficacy, her creativity in finding practical solutions and her ability to quickly understand and take charge of a case, Guylaine plays a key role for her clients as she creates a strong and lasting partnership with them. [\/vc_column_text][vc_separator type=&#8221;transparent&#8221; up=&#8221;0&#8243; down=&#8221;10&#8243;][vc_column_text]<\/p>\n<p style=\"text-align: justify;\">While supported by a group of legal consultants, Guylaine principally works in the areas of labour and employment law, civil law and administrative law. She mainly represents employers, and her law firm fully covers all the aspects of this field of expertise and more. <a href=\"https:\/\/lacertegcl.com\/services\/\">(click here to know more about this)<\/a><\/p>\n<p>[\/vc_column_text][vc_separator type=&#8221;transparent&#8221; up=&#8221;0&#8243; down=&#8221;10&#8243;][vc_column_text]Guylaine was called to the Qu\u00e9bec Bar in 2006. She also obtained a bachelor\u2019s degree in Law (LL. B.) from Universit\u00e9 Laval in 2005 and a certificate in administration in 2008 from the University of Calgary.<\/p>\n<p style=\"text-align: justify;\">.<\/p>\n<p>[\/vc_column_text][vc_separator type=&#8221;transparent&#8221; up=&#8221;0&#8243; down=&#8221;10&#8243;][\/vc_column][\/vc_row][vc_row css_animation=&#8221;&#8221; row_type=&#8221;row&#8221; use_row_as_full_screen_section=&#8221;no&#8221; type=&#8221;grid&#8221; angled_section=&#8221;no&#8221; text_align=&#8221;left&#8221; background_image_as_pattern=&#8221;without_pattern&#8221; background_color=&#8221;#ffffff&#8221; css=&#8221;.vc_custom_1580228631041{background-color: #2351a3 !important;}&#8221; z_index=&#8221;&#8221;][vc_column][vc_separator type=&#8221;transparent&#8221; up=&#8221;30&#8243; down=&#8221;0&#8243;][vc_column_text]<\/p>\n<p style=\"text-align: justify;\"><span style=\"color: white;\">Passionate about sports and training, Guylaine also specialized throughout the years in sports law. Her presence and involvement in the sports community enabled her to build an important client and business network and allowed her to manage the legal cases of the North American Hockey League (NAHL).<\/span><\/p>\n<p>[\/vc_column_text][vc_separator type=&#8221;transparent&#8221; up=&#8221;30&#8243; down=&#8221;0&#8243;][vc_column_text]<\/p>\n<p style=\"text-align: justify;\"><span style=\"color: white;\">Guylaine is also involved with the newcomers in the sector and supports their initiatives, mainly those from the Department of Law of Universit\u00e9 Laval and the Business Administration students of Champlain St. Lawrence College.<\/span><\/p>\n<p>[\/vc_column_text][vc_separator type=&#8221;transparent&#8221; up=&#8221;30&#8243; down=&#8221;0&#8243;][vc_column_text]<span style=\"color: white;\">Her interpersonal skills and her ability to communicate in front of an audience allows Guylaine to offer and participate in conferences and training courses, particularly on labour and employment law issues.<\/span>[\/vc_column_text][vc_separator type=&#8221;transparent&#8221; up=&#8221;30&#8243; down=&#8221;0&#8243;][\/vc_column][\/vc_row][vc_row css_animation=&#8221;&#8221; row_type=&#8221;row&#8221; use_row_as_full_screen_section=&#8221;no&#8221; type=&#8221;grid&#8221; angled_section=&#8221;no&#8221; text_align=&#8221;left&#8221; background_image_as_pattern=&#8221;without_pattern&#8221; background_color=&#8221;#ffffff&#8221; z_index=&#8221;&#8221;][vc_column width=&#8221;1\/2&#8243;][vc_separator type=&#8221;transparent&#8221; up=&#8221;30&#8243; down=&#8221;0&#8243;][vc_separator type=&#8221;transparent&#8221; up=&#8221;30&#8243; down=&#8221;0&#8243;][vc_column_text]<\/p>\n<h3><strong>FORMATIONS<\/strong><\/h3>\n<p><strong>2008<\/strong> &#8211; Administration Certificate, University of Calgary<\/p>\n<p><strong>2006<\/strong> &#8211; Licence to practise law, Barreau du Qu\u00e9bec<\/p>\n<p><strong>2005<\/strong> &#8211; Bachelor\u2019s Degree in Law, LL. B., Universit\u00e9 Laval[\/vc_column_text][vc_separator type=&#8221;transparent&#8221; up=&#8221;45&#8243; down=&#8221;0&#8243;][\/vc_column][vc_column width=&#8221;1\/2&#8243;][vc_separator type=&#8221;transparent&#8221; up=&#8221;30&#8243; down=&#8221;0&#8243;][vc_separator type=&#8221;transparent&#8221; up=&#8221;30&#8243; down=&#8221;0&#8243;][vc_column_text]<\/p>\n<h3><strong>ENGAGEMENT SOCIAL <\/strong><\/h3>\n<p><strong>Since 2020<\/strong> &#8211; Member of the advisory committee of Bloom Communications<\/p>\n<p><strong>Since 2016 <\/strong>&#8211; Member of the Board of Directors of Patro de L\u00e9vis<\/p>\n<p><strong>Since 2019<\/strong> &#8211; Member of the Sports Lawyers Association<\/p>\n<p><strong>Since 2010<\/strong> &#8211; Member of the Canadian Bar Association<\/p>\n<p><strong>From 2016 to 2017<\/strong> &#8211; Member of the organizing committee of the Cyclo-D\u00e9fi IUCPQ[\/vc_column_text][vc_separator type=&#8221;transparent&#8221; up=&#8221;0&#8243; down=&#8221;0&#8243;][vc_separator type=&#8221;transparent&#8221; up=&#8221;45&#8243; down=&#8221;0&#8243;][\/vc_column][\/vc_row][vc_row css_animation=&#8221;&#8221; row_type=&#8221;row&#8221; use_row_as_full_screen_section=&#8221;no&#8221; type=&#8221;grid&#8221; angled_section=&#8221;no&#8221; text_align=&#8221;left&#8221; background_image_as_pattern=&#8221;without_pattern&#8221; css=&#8221;.vc_custom_1580337692925{background-color: #ededed !important;}&#8221; z_index=&#8221;&#8221;][vc_column][vc_separator type=&#8221;transparent&#8221; up=&#8221;30&#8243; down=&#8221;0&#8243;][vc_column_text]<\/p>\n<h3><strong>PRESENTATIONS AND CONFERENCES<\/strong><\/h3>\n<p>[\/vc_column_text][vc_separator type=&#8221;transparent&#8221; up=&#8221;7&#8243; down=&#8221;0&#8243;][vc_column_text]<strong>2021<\/strong> &#8211; <span lang=\"EN-CA\"><span class=\"m_-7801681863298833920None\">Training to federally regulated c<\/span>lients on:\u00a0<\/span><i><a title=\"Page 1\" href=\"https:\/\/laws.justice.gc.ca\/eng\/regulations\/SOR-2020-130\/page-1.html\" target=\"_blank\" rel=\"noopener\" data-saferedirecturl=\"https:\/\/www.google.com\/url?q=https:\/\/laws.justice.gc.ca\/eng\/regulations\/SOR-2020-130\/page-1.html&amp;source=gmail&amp;ust=1641394195660000&amp;usg=AOvVaw0suHDoIduW1WkD-4NBcF_W\"><span lang=\"EN-CA\">Work Place Harassment and Violence Prevention Regulations<\/span><\/a><\/i><span lang=\"EN-CA\">.<\/span><\/p>\n<p><strong>2020 <\/strong><strong>\u00a0<\/strong>\u2013 Conference offered to neurologists and family physicians with epileptic patients in Qu\u00e9bec during the JAQUE (Journ\u00e9e Annuelle Qu\u00e9becoise de l\u2019\u00c9pilepsie). <em>Les enjeux l\u00e9gaux li\u00e9s au travail auxquels les patients \u00e9pileptiques et leurs employeurs peuvent \u00eatre expos\u00e9s<\/em> (The work-related legal issues that epileptic patients and their employers may be facing).<\/p>\n<p><strong>2015<\/strong> &#8211; Via Pr\u00e9vention Seminar. <em>D\u00e9pistage d\u2019alcool et de drogues en milieu de travail<\/em> (Alcohol and Drug Testing at the Workplace) (In French only).<\/p>\n<p><strong>2014<\/strong> &#8211; Conference on the rights and obligation of truckers in the workplace in collaboration with CCH. <em>Les diff\u00e9rences entre un salari\u00e9, un sous-traitant, un chauffeur d\u2019agence et un chauffeur inc.<\/em> (The differences between an employee, a subcontractor, an agency trucker and an independent trucker) (In French only)<\/p>\n<p><strong>2011-2014<\/strong> &#8211; Clients training on subjects such as <em>Harassment in the Workplace, Reasonable Notice and Workplace Investigation.<\/em>[\/vc_column_text][vc_separator type=&#8221;transparent&#8221; up=&#8221;0&#8243; down=&#8221;20&#8243;][\/vc_column][\/vc_row][vc_row css_animation=&#8221;&#8221; row_type=&#8221;row&#8221; use_row_as_full_screen_section=&#8221;no&#8221; type=&#8221;grid&#8221; angled_section=&#8221;no&#8221; text_align=&#8221;left&#8221; background_image_as_pattern=&#8221;without_pattern&#8221; padding_top=&#8221;45&#8243; z_index=&#8221;&#8221;][vc_column][vc_separator type=&#8221;transparent&#8221; up=&#8221;7&#8243; down=&#8221;0&#8243;][vc_column_text]<\/p>\n<h3><strong>PUBLICATIONS<\/strong><\/h3>\n<p>[\/vc_column_text][vc_separator type=&#8221;transparent&#8221; up=&#8221;7&#8243; down=&#8221;0&#8243;][vc_column_text]<strong>2012-2016<\/strong> &#8211; Rousse, Jacques et al. (2013)\u00a0<em>Human Resources PolicyPro<\/em>, Quebec Edition. Concord: La R\u00e9f\u00e9rence.<\/p>\n<p><strong>2015<\/strong> &#8211; Lacerte, Guylaine.\u00a0\u00a0<em>E-Cigarettes in the Workplace<\/em>. <a href=\"https:\/\/www.mccarthy.ca\/fr\/references\/blogues\/conseiller-de-lemployeur\/la-cigarette-electronique-en-milieu-de-travail\"><u>Available through this link\u00a0 <\/u><\/a><u>(in french only)<\/u><\/p>\n<p><strong>2015<\/strong> &#8211; Lacerte, Guylaine. <em>Medicinal Use of Marijuana in the Workplace.<\/em> <a href=\"https:\/\/www.mccarthy.ca\/fr\/references\/blogues\/conseiller-de-lemployeur\/la-marihuana-des-fins-medicales-en-milieu-de-travail\"><u>Available through this link <\/u><\/a><u>(in french only)<\/u><\/p>\n<p><strong>2014<\/strong> &#8211; Fortier, Julie C., Lacerte, Guylaine. <em>\u00a0Wal-Mart has to compensate its former Jonqui\u00e8re employees.<\/em> <a href=\"https:\/\/www.mccarthy.ca\/fr\/references\/articles\/wal-mart-devra-dedommager-les-ex-employes-de-son-etablissement-de-jonquiere\"><u>Available through this link<\/u><\/a><u> <\/u><u>(in french only)<\/u><\/p>\n<p><strong>2007<\/strong> &#8211; VILLENEUVE J et al. (2007)\u00a0<em>Pr\u00e9cis de droit professionnel<\/em>. \u00a0Cowansville : Les \u00c9ditions Yvon Blais inc., 445 p.[\/vc_column_text][vc_separator type=&#8221;transparent&#8221; up=&#8221;0&#8243; down=&#8221;20&#8243;][\/vc_column][\/vc_row][vc_row css_animation=&#8221;&#8221; row_type=&#8221;row&#8221; use_row_as_full_screen_section=&#8221;no&#8221; type=&#8221;full_width&#8221; angled_section=&#8221;no&#8221; text_align=&#8221;left&#8221; background_image_as_pattern=&#8221;without_pattern&#8221;][vc_column][vc_separator type=&#8221;transparent&#8221; up=&#8221;0&#8243; down=&#8221;0&#8243;][\/vc_column][\/vc_row][vc_row css_animation=&#8221;&#8221; row_type=&#8221;row&#8221; use_row_as_full_screen_section=&#8221;no&#8221; type=&#8221;full_width&#8221; angled_section=&#8221;no&#8221; text_align=&#8221;left&#8221; background_image_as_pattern=&#8221;without_pattern&#8221;][vc_column][vc_separator type=&#8221;transparent&#8221; up=&#8221;94&#8243; down=&#8221;0&#8243;][\/vc_column][\/vc_row]<\/p>\n","protected":false},"excerpt":{"rendered":"<p>[vc_row css_animation=&#8221;&#8221; row_type=&#8221;row&#8221; use_row_as_full_screen_section=&#8221;no&#8221; type=&#8221;grid&#8221; angled_section=&#8221;no&#8221; text_align=&#8221;left&#8221; background_image_as_pattern=&#8221;without_pattern&#8221; z_index=&#8221;&#8221;][vc_column width=&#8221;1\/3&#8243;][vc_separator type=&#8221;transparent&#8221; up=&#8221;7&#8243; down=&#8221;0&#8243;][vc_single_image image=&#8221;15932&#8243; img_size=&#8221;full&#8221; alignment=&#8221;center&#8221; style=&#8221;vc_box_rounded&#8221; qode_css_animation=&#8221;element_from_left&#8221; transition_delay=&#8221;0.3&#8243;][vc_separator type=&#8221;transparent&#8221; up=&#8221;15&#8243; down=&#8221;0&#8243;][vc_separator type=&#8221;transparent&#8221; up=&#8221;15&#8243; down=&#8221;0&#8243;][vc_column_text] MS. GUYLAINE LACERTE Phone: 418 997.3025 Fax: 581 500.3701 E-mail: glacerte@lacertegcl.com[\/vc_column_text][vc_separator type=&#8221;transparent&#8221; up=&#8221;30&#8243; down=&#8221;10&#8243;][\/vc_column][vc_column width=&#8221;2\/3&#8243;][vc_column_text] After having practised with large&#8230;<\/p>\n","protected":false},"author":1,"featured_media":0,"parent":0,"menu_order":0,"comment_status":"open","ping_status":"open","template":"full_width.php","meta":{"footnotes":""},"class_list":["post-14093","page","type-page","status-publish","hentry"],"_links":{"self":[{"href":"https:\/\/lacertegcl.com\/en\/wp-json\/wp\/v2\/pages\/14093","targetHints":{"allow":["GET"]}}],"collection":[{"href":"https:\/\/lacertegcl.com\/en\/wp-json\/wp\/v2\/pages"}],"about":[{"href":"https:\/\/lacertegcl.com\/en\/wp-json\/wp\/v2\/types\/page"}],"author":[{"embeddable":true,"href":"https:\/\/lacertegcl.com\/en\/wp-json\/wp\/v2\/users\/1"}],"replies":[{"embeddable":true,"href":"https:\/\/lacertegcl.com\/en\/wp-json\/wp\/v2\/comments?post=14093"}],"version-history":[{"count":73,"href":"https:\/\/lacertegcl.com\/en\/wp-json\/wp\/v2\/pages\/14093\/revisions"}],"predecessor-version":[{"id":16096,"href":"https:\/\/lacertegcl.com\/en\/wp-json\/wp\/v2\/pages\/14093\/revisions\/16096"}],"wp:attachment":[{"href":"https:\/\/lacertegcl.com\/en\/wp-json\/wp\/v2\/media?parent=14093"}],"curies":[{"name":"wp","href":"https:\/\/api.w.org\/{rel}","templated":true}]}}

<p>[vc_row css_animation=&#8221;&#8221; row_type=&#8221;row&#8221; use_row_as_full_screen_section=&#8221;no&#8221; type=&#8221;grid&#8221; angled_section=&#8221;no&#8221; text_align=&#8221;left&#8221; background_image_as_pattern=&#8221;without_pattern&#8221; z_index=&#8221;&#8221;][vc_column width=&#8221;1/3&#8243;][vc_separator type=&#8221;transparent&#8221; up=&#8221;7&#8243; down=&#8221;0&#8243;][vc_single_image image=&#8221;15932&#8243; img_size=&#8221;full&#8221; alignment=&#8221;center&#8221; style=&#8221;vc_box_rounded&#8221; qode_css_animation=&#8221;element_from_left&#8221; transition_delay=&#8221;0.3&#8243;][vc_separator type=&#8221;transparent&#8221; up=&#8221;15&#8243; down=&#8221;0&#8243;][vc_separator type=&#8221;transparent&#8221; up=&#8221;15&#8243; down=&#8221;0&#8243;][vc_column_text]</p>
<h3><strong>MS. GUYLAINE LACERTE</strong></h3>
<p><strong>Phone:</strong> 418 997.3025</p>
<p><strong>Fax:</strong> 581 500.3701</p>
<p><strong>E-mail:</strong> glacerte@lacertegcl.com[/vc_column_text][vc_separator type=&#8221;transparent&#8221; up=&#8221;30&#8243; down=&#8221;10&#8243;][/vc_column][vc_column width=&#8221;2/3&#8243;][vc_column_text]</p>
<p style="text-align: justify;">After having practised with large and medium law firms, Ms. Guylaine Lacerte established her business and developed an innovative business model that offers her clientele a direct source of varied professional services which she supervises and coordinates. This approach not only allows her clients to obtain services that are out of her primary field of competence, but it also ensures that their expectations and objectives are met.</p>
<p>[/vc_column_text][vc_separator type=&#8221;transparent&#8221; up=&#8221;0&#8243; down=&#8221;10&#8243;][vc_column_text]Known for her efficacy, her creativity in finding practical solutions and her ability to quickly understand and take charge of a case, Guylaine plays a key role for her clients as she creates a strong and lasting partnership with them. [/vc_column_text][vc_separator type=&#8221;transparent&#8221; up=&#8221;0&#8243; down=&#8221;10&#8243;][vc_column_text]</p>
<p style="text-align: justify;">While supported by a group of legal consultants, Guylaine principally works in the areas of labour and employment law, civil law and administrative law. She mainly represents employers, and her law firm fully covers all the aspects of this field of expertise and more. <a href="https://lacertegcl.com/services/">(click here to know more about this)</a></p>
<p>[/vc_column_text][vc_separator type=&#8221;transparent&#8221; up=&#8221;0&#8243; down=&#8221;10&#8243;][vc_column_text]Guylaine was called to the Québec Bar in 2006. She also obtained a bachelor’s degree in Law (LL. B.) from Université Laval in 2005 and a certificate in administration in 2008 from the University of Calgary.</p>
<p style="text-align: justify;">.</p>
<p>[/vc_column_text][vc_separator type=&#8221;transparent&#8221; up=&#8221;0&#8243; down=&#8221;10&#8243;][/vc_column][/vc_row][vc_row css_animation=&#8221;&#8221; row_type=&#8221;row&#8221; use_row_as_full_screen_section=&#8221;no&#8221; type=&#8221;grid&#8221; angled_section=&#8221;no&#8221; text_align=&#8221;left&#8221; background_image_as_pattern=&#8221;without_pattern&#8221; background_color=&#8221;#ffffff&#8221; css=&#8221;.vc_custom_1580228631041{background-color: #2351a3 !important;}&#8221; z_index=&#8221;&#8221;][vc_column][vc_separator type=&#8221;transparent&#8221; up=&#8221;30&#8243; down=&#8221;0&#8243;][vc_column_text]</p>
<p style="text-align: justify;"><span style="color: white;">Passionate about sports and training, Guylaine also specialized throughout the years in sports law. Her presence and involvement in the sports community enabled her to build an important client and business network and allowed her to manage the legal cases of the North American Hockey League (NAHL).</span></p>
<p>[/vc_column_text][vc_separator type=&#8221;transparent&#8221; up=&#8221;30&#8243; down=&#8221;0&#8243;][vc_column_text]</p>
<p style="text-align: justify;"><span style="color: white;">Guylaine is also involved with the newcomers in the sector and supports their initiatives, mainly those from the Department of Law of Université Laval and the Business Administration students of Champlain St. Lawrence College.</span></p>
<p>[/vc_column_text][vc_separator type=&#8221;transparent&#8221; up=&#8221;30&#8243; down=&#8221;0&#8243;][vc_column_text]<span style="color: white;">Her interpersonal skills and her ability to communicate in front of an audience allows Guylaine to offer and participate in conferences and training courses, particularly on labour and employment law issues.</span>[/vc_column_text][vc_separator type=&#8221;transparent&#8221; up=&#8221;30&#8243; down=&#8221;0&#8243;][/vc_column][/vc_row][vc_row css_animation=&#8221;&#8221; row_type=&#8221;row&#8221; use_row_as_full_screen_section=&#8221;no&#8221; type=&#8221;grid&#8221; angled_section=&#8221;no&#8221; text_align=&#8221;left&#8221; background_image_as_pattern=&#8221;without_pattern&#8221; background_color=&#8221;#ffffff&#8221; z_index=&#8221;&#8221;][vc_column width=&#8221;1/2&#8243;][vc_separator type=&#8221;transparent&#8221; up=&#8221;30&#8243; down=&#8221;0&#8243;][vc_separator type=&#8221;transparent&#8221; up=&#8221;30&#8243; down=&#8221;0&#8243;][vc_column_text]</p>
<h3><strong>FORMATIONS</strong></h3>
<p><strong>2008</strong> &#8211; Administration Certificate, University of Calgary</p>
<p><strong>2006</strong> &#8211; Licence to practise law, Barreau du Québec</p>
<p><strong>2005</strong> &#8211; Bachelor’s Degree in Law, LL. B., Université Laval[/vc_column_text][vc_separator type=&#8221;transparent&#8221; up=&#8221;45&#8243; down=&#8221;0&#8243;][/vc_column][vc_column width=&#8221;1/2&#8243;][vc_separator type=&#8221;transparent&#8221; up=&#8221;30&#8243; down=&#8221;0&#8243;][vc_separator type=&#8221;transparent&#8221; up=&#8221;30&#8243; down=&#8221;0&#8243;][vc_column_text]</p>
<h3><strong>ENGAGEMENT SOCIAL </strong></h3>
<p><strong>Since 2020</strong> &#8211; Member of the advisory committee of Bloom Communications</p>
<p><strong>Since 2016 </strong>&#8211; Member of the Board of Directors of Patro de Lévis</p>
<p><strong>Since 2019</strong> &#8211; Member of the Sports Lawyers Association</p>
<p><strong>Since 2010</strong> &#8211; Member of the Canadian Bar Association</p>
<p><strong>From 2016 to 2017</strong> &#8211; Member of the organizing committee of the Cyclo-Défi IUCPQ[/vc_column_text][vc_separator type=&#8221;transparent&#8221; up=&#8221;0&#8243; down=&#8221;0&#8243;][vc_separator type=&#8221;transparent&#8221; up=&#8221;45&#8243; down=&#8221;0&#8243;][/vc_column][/vc_row][vc_row css_animation=&#8221;&#8221; row_type=&#8221;row&#8221; use_row_as_full_screen_section=&#8221;no&#8221; type=&#8221;grid&#8221; angled_section=&#8221;no&#8221; text_align=&#8221;left&#8221; background_image_as_pattern=&#8221;without_pattern&#8221; css=&#8221;.vc_custom_1580337692925{background-color: #ededed !important;}&#8221; z_index=&#8221;&#8221;][vc_column][vc_separator type=&#8221;transparent&#8221; up=&#8221;30&#8243; down=&#8221;0&#8243;][vc_column_text]</p>
<h3><strong>PRESENTATIONS AND CONFERENCES</strong></h3>
<p>[/vc_column_text][vc_separator type=&#8221;transparent&#8221; up=&#8221;7&#8243; down=&#8221;0&#8243;][vc_column_text]<strong>2021</strong> &#8211; <span lang="EN-CA"><span class="m_-7801681863298833920None">Training to federally regulated c</span>lients on: </span><i><a title="Page 1" href="https://laws.justice.gc.ca/eng/regulations/SOR-2020-130/page-1.html" target="_blank" rel="noopener" data-saferedirecturl="https://www.google.com/url?q=https://laws.justice.gc.ca/eng/regulations/SOR-2020-130/page-1.html&amp;source=gmail&amp;ust=1641394195660000&amp;usg=AOvVaw0suHDoIduW1WkD-4NBcF_W"><span lang="EN-CA">Work Place Harassment and Violence Prevention Regulations</span></a></i><span lang="EN-CA">.</span></p>
<p><strong>2020 </strong><strong> </strong>– Conference offered to neurologists and family physicians with epileptic patients in Québec during the JAQUE (Journée Annuelle Québecoise de l’Épilepsie). <em>Les enjeux légaux liés au travail auxquels les patients épileptiques et leurs employeurs peuvent être exposés</em> (The work-related legal issues that epileptic patients and their employers may be facing).</p>
<p><strong>2015</strong> &#8211; Via Prévention Seminar. <em>Dépistage d’alcool et de drogues en milieu de travail</em> (Alcohol and Drug Testing at the Workplace) (In French only).</p>
<p><strong>2014</strong> &#8211; Conference on the rights and obligation of truckers in the workplace in collaboration with CCH. <em>Les différences entre un salarié, un sous-traitant, un chauffeur d’agence et un chauffeur inc.</em> (The differences between an employee, a subcontractor, an agency trucker and an independent trucker) (In French only)</p>
<p><strong>2011-2014</strong> &#8211; Clients training on subjects such as <em>Harassment in the Workplace, Reasonable Notice and Workplace Investigation.</em>[/vc_column_text][vc_separator type=&#8221;transparent&#8221; up=&#8221;0&#8243; down=&#8221;20&#8243;][/vc_column][/vc_row][vc_row css_animation=&#8221;&#8221; row_type=&#8221;row&#8221; use_row_as_full_screen_section=&#8221;no&#8221; type=&#8221;grid&#8221; angled_section=&#8221;no&#8221; text_align=&#8221;left&#8221; background_image_as_pattern=&#8221;without_pattern&#8221; padding_top=&#8221;45&#8243; z_index=&#8221;&#8221;][vc_column][vc_separator type=&#8221;transparent&#8221; up=&#8221;7&#8243; down=&#8221;0&#8243;][vc_column_text]</p>
<h3><strong>PUBLICATIONS</strong></h3>
<p>[/vc_column_text][vc_separator type=&#8221;transparent&#8221; up=&#8221;7&#8243; down=&#8221;0&#8243;][vc_column_text]<strong>2012-2016</strong> &#8211; Rousse, Jacques et al. (2013) <em>Human Resources PolicyPro</em>, Quebec Edition. Concord: La Référence.</p>
<p><strong>2015</strong> &#8211; Lacerte, Guylaine.  <em>E-Cigarettes in the Workplace</em>. <a href="https://www.mccarthy.ca/fr/references/blogues/conseiller-de-lemployeur/la-cigarette-electronique-en-milieu-de-travail"><u>Available through this link  </u></a><u>(in french only)</u></p>
<p><strong>2015</strong> &#8211; Lacerte, Guylaine. <em>Medicinal Use of Marijuana in the Workplace.</em> <a href="https://www.mccarthy.ca/fr/references/blogues/conseiller-de-lemployeur/la-marihuana-des-fins-medicales-en-milieu-de-travail"><u>Available through this link </u></a><u>(in french only)</u></p>
<p><strong>2014</strong> &#8211; Fortier, Julie C., Lacerte, Guylaine. <em> Wal-Mart has to compensate its former Jonquière employees.</em> <a href="https://www.mccarthy.ca/fr/references/articles/wal-mart-devra-dedommager-les-ex-employes-de-son-etablissement-de-jonquiere"><u>Available through this link</u></a><u> </u><u>(in french only)</u></p>
<p><strong>2007</strong> &#8211; VILLENEUVE J et al. (2007) <em>Précis de droit professionnel</em>.  Cowansville : Les Éditions Yvon Blais inc., 445 p.[/vc_column_text][vc_separator type=&#8221;transparent&#8221; up=&#8221;0&#8243; down=&#8221;20&#8243;][/vc_column][/vc_row][vc_row css_animation=&#8221;&#8221; row_type=&#8221;row&#8221; use_row_as_full_screen_section=&#8221;no&#8221; type=&#8221;full_width&#8221; angled_section=&#8221;no&#8221; text_align=&#8221;left&#8221; background_image_as_pattern=&#8221;without_pattern&#8221;][vc_column][vc_separator type=&#8221;transparent&#8221; up=&#8221;0&#8243; down=&#8221;0&#8243;][/vc_column][/vc_row][vc_row css_animation=&#8221;&#8221; row_type=&#8221;row&#8221; use_row_as_full_screen_section=&#8221;no&#8221; type=&#8221;full_width&#8221; angled_section=&#8221;no&#8221; text_align=&#8221;left&#8221; background_image_as_pattern=&#8221;without_pattern&#8221;][vc_column][vc_separator type=&#8221;transparent&#8221; up=&#8221;94&#8243; down=&#8221;0&#8243;][/vc_column][/vc_row]</p>
