{"id":1452,"date":"2013-10-16T12:05:38","date_gmt":"2013-10-16T12:05:38","guid":{"rendered":"http:\/\/demo.qodeinteractive.com\/bridge46\/?page_id=1452"},"modified":"2023-09-18T15:27:20","modified_gmt":"2023-09-18T15:27:20","slug":"contact","status":"publish","type":"page","link":"https:\/\/lacertegcl.com\/fr\/contact\/","title":{"rendered":"Contact"},"content":{"rendered":"<p>[vc_row css_animation=\u00a0\u00bb\u00a0\u00bb row_type=\u00a0\u00bbrow\u00a0\u00bb use_row_as_full_screen_section=\u00a0\u00bbno\u00a0\u00bb type=\u00a0\u00bbgrid\u00a0\u00bb angled_section=\u00a0\u00bbno\u00a0\u00bb text_align=\u00a0\u00bbleft\u00a0\u00bb background_image_as_pattern=\u00a0\u00bbwithout_pattern\u00a0\u00bb z_index=\u00a0\u00bb\u00a0\u00bb][vc_column][vc_column_text]<iframe loading=\"lazy\" style=\"border: 0;\" src=\"https:\/\/www.google.com\/maps\/embed?pb=!1m18!1m12!1m3!1d2734.6458468662686!2d-71.2648319843996!3d46.73244637913636!2m3!1f0!2f0!3f0!3m2!1i1024!2i768!4f13.1!3m3!1m2!1s0x4cb893d6d3575699%3A0xd03ddda2ebf14e0e!2s1190B%20Rue%20de%20Courchevel%20%23400%2C%20Saint-Romuald%2C%20QC%20G6W%205M6!5e0!3m2!1sen!2sca!4v1579802870922!5m2!1sen!2sca\" width=\"100%\" height=\"400\" frameborder=\"0\" allowfullscreen=\"allowfullscreen\"><\/iframe>[\/vc_column_text][vc_empty_space][\/vc_column][\/vc_row][vc_row css_animation=\u00a0\u00bb\u00a0\u00bb row_type=\u00a0\u00bbrow\u00a0\u00bb use_row_as_full_screen_section=\u00a0\u00bbno\u00a0\u00bb type=\u00a0\u00bbgrid\u00a0\u00bb angled_section=\u00a0\u00bbno\u00a0\u00bb text_align=\u00a0\u00bbleft\u00a0\u00bb background_image_as_pattern=\u00a0\u00bbwithout_pattern\u00a0\u00bb z_index=\u00a0\u00bb\u00a0\u00bb][vc_column width=\u00a0\u00bb2\/3&Prime;][vc_empty_space][vc_column_text]<\/p>\n<h3>Contact<\/h3>\n<p>[\/vc_column_text][vc_empty_space][vc_column_text]<strong>Adresse:<\/strong> 1190-B de Courchevel # 400<\/p>\n<p>L\u00e9vis (Qu\u00e9bec) G6W 0M6<\/p>\n<p><strong>T\u00e9l\u00e9phone<\/strong>: 418\u00a0997.3025<\/p>\n<p><strong>T\u00e9l\u00e9copieur<\/strong>: 581\u00a0500.3701<\/p>\n<p><strong>Courriel :<\/strong> info@lacertegcl.com<\/p>\n<p><strong>Adresse de notification selon l\u2019article 133 C.p.c.<\/strong> notification@lacertegcl.com[\/vc_column_text][\/vc_column][vc_column width=\u00a0\u00bb1\/3&Prime;][vc_single_image image=\u00a0\u00bb16024&Prime; img_size=\u00a0\u00bblarge\u00a0\u00bb alignment=\u00a0\u00bbcenter\u00a0\u00bb qode_css_animation=\u00a0\u00bb\u00a0\u00bb][\/vc_column][\/vc_row][vc_row css_animation=\u00a0\u00bb\u00a0\u00bb row_type=\u00a0\u00bbrow\u00a0\u00bb use_row_as_full_screen_section=\u00a0\u00bbno\u00a0\u00bb type=\u00a0\u00bbgrid\u00a0\u00bb angled_section=\u00a0\u00bbno\u00a0\u00bb text_align=\u00a0\u00bbleft\u00a0\u00bb background_image_as_pattern=\u00a0\u00bbwithout_pattern\u00a0\u00bb z_index=\u00a0\u00bb\u00a0\u00bb][vc_column][vc_empty_space][vc_empty_space][vc_column_text]<\/p>\n<p style=\"font-weight: 400; text-align: center;\">Lacerte GCL inc. est responsable de la tenue et de la protection de tout renseignement personnel plac\u00e9 sous sa garde et met en place des m\u00e9canismes visant \u00e0\u00a0assurer l&rsquo;exactitude, la s\u00e9curit\u00e9 et la confidentialit\u00e9 des renseignements personnels qu\u2019elle d\u00e9tient sur ses clients, ses fournisseurs de services et autres particuliers.<\/p>\n<p style=\"font-weight: 400; text-align: center;\">Elle a d\u00e9sign\u00e9 un responsable de la protection des renseignements personnels pour veiller \u00e0 ce que l\u2019entreprise respecte et mette en \u0153uvre la\u00a0<em>Loi sur la protection des renseignements personnels dans le secteur priv\u00e9.<\/em><\/p>\n<p style=\"font-weight: 400; text-align: center;\"><strong>La responsable de la protection des renseignements personnels est Me Guylaine Lacerte, pr\u00e9sidente.<\/strong><\/p>\n<p style=\"font-weight: 400; text-align: center;\">Vous pouvez la joindre en cliquant sur\u00a0<a href=\"mailto:glacerte@lacertegcl.com\">Contacter<\/a><\/p>\n<p>[\/vc_column_text][vc_empty_space][\/vc_column][\/vc_row]<\/p>\n","protected":false},"excerpt":{"rendered":"<p>[vc_row css_animation=\u00a0\u00bb\u00a0\u00bb row_type=\u00a0\u00bbrow\u00a0\u00bb use_row_as_full_screen_section=\u00a0\u00bbno\u00a0\u00bb type=\u00a0\u00bbgrid\u00a0\u00bb angled_section=\u00a0\u00bbno\u00a0\u00bb text_align=\u00a0\u00bbleft\u00a0\u00bb background_image_as_pattern=\u00a0\u00bbwithout_pattern\u00a0\u00bb z_index=\u00a0\u00bb\u00a0\u00bb][vc_column][vc_column_text][\/vc_column_text][vc_empty_space][\/vc_column][\/vc_row][vc_row css_animation=\u00a0\u00bb\u00a0\u00bb row_type=\u00a0\u00bbrow\u00a0\u00bb use_row_as_full_screen_section=\u00a0\u00bbno\u00a0\u00bb type=\u00a0\u00bbgrid\u00a0\u00bb angled_section=\u00a0\u00bbno\u00a0\u00bb text_align=\u00a0\u00bbleft\u00a0\u00bb background_image_as_pattern=\u00a0\u00bbwithout_pattern\u00a0\u00bb z_index=\u00a0\u00bb\u00a0\u00bb][vc_column width=\u00a0\u00bb2\/3&Prime;][vc_empty_space][vc_column_text] Contact [\/vc_column_text][vc_empty_space][vc_column_text]Adresse: 1190-B de Courchevel # 400 L\u00e9vis (Qu\u00e9bec) G6W 0M6 T\u00e9l\u00e9phone: 418\u00a0997.3025 T\u00e9l\u00e9copieur: 581\u00a0500.3701 Courriel : info@lacertegcl.com Adresse de notification selon l\u2019article 133 C.p.c. notification@lacertegcl.com[\/vc_column_text][\/vc_column][vc_column width=\u00a0\u00bb1\/3&Prime;][vc_single_image&#8230;<\/p>\n","protected":false},"author":1,"featured_media":0,"parent":0,"menu_order":0,"comment_status":"open","ping_status":"open","template":"full_width.php","meta":{"footnotes":""},"class_list":["post-1452","page","type-page","status-publish","hentry"],"_links":{"self":[{"href":"https:\/\/lacertegcl.com\/fr\/wp-json\/wp\/v2\/pages\/1452","targetHints":{"allow":["GET"]}}],"collection":[{"href":"https:\/\/lacertegcl.com\/fr\/wp-json\/wp\/v2\/pages"}],"about":[{"href":"https:\/\/lacertegcl.com\/fr\/wp-json\/wp\/v2\/types\/page"}],"author":[{"embeddable":true,"href":"https:\/\/lacertegcl.com\/fr\/wp-json\/wp\/v2\/users\/1"}],"replies":[{"embeddable":true,"href":"https:\/\/lacertegcl.com\/fr\/wp-json\/wp\/v2\/comments?post=1452"}],"version-history":[{"count":32,"href":"https:\/\/lacertegcl.com\/fr\/wp-json\/wp\/v2\/pages\/1452\/revisions"}],"predecessor-version":[{"id":16105,"href":"https:\/\/lacertegcl.com\/fr\/wp-json\/wp\/v2\/pages\/1452\/revisions\/16105"}],"wp:attachment":[{"href":"https:\/\/lacertegcl.com\/fr\/wp-json\/wp\/v2\/media?parent=1452"}],"curies":[{"name":"wp","href":"https:\/\/api.w.org\/{rel}","templated":true}]}}

<p>[vc_row css_animation= » » row_type= »row » use_row_as_full_screen_section= »no » type= »grid » angled_section= »no » text_align= »left » background_image_as_pattern= »without_pattern » z_index= » »][vc_column][vc_column_text]<iframe loading="lazy" style="border: 0;" src="https://www.google.com/maps/embed?pb=!1m18!1m12!1m3!1d2734.6458468662686!2d-71.2648319843996!3d46.73244637913636!2m3!1f0!2f0!3f0!3m2!1i1024!2i768!4f13.1!3m3!1m2!1s0x4cb893d6d3575699%3A0xd03ddda2ebf14e0e!2s1190B%20Rue%20de%20Courchevel%20%23400%2C%20Saint-Romuald%2C%20QC%20G6W%205M6!5e0!3m2!1sen!2sca!4v1579802870922!5m2!1sen!2sca" width="100%" height="400" frameborder="0" allowfullscreen="allowfullscreen"></iframe>[/vc_column_text][vc_empty_space][/vc_column][/vc_row][vc_row css_animation= » » row_type= »row » use_row_as_full_screen_section= »no » type= »grid » angled_section= »no » text_align= »left » background_image_as_pattern= »without_pattern » z_index= » »][vc_column width= »2/3&Prime;][vc_empty_space][vc_column_text]</p>
<h3>Contact</h3>
<p>[/vc_column_text][vc_empty_space][vc_column_text]<strong>Adresse:</strong> 1190-B de Courchevel # 400</p>
<p>Lévis (Québec) G6W 0M6</p>
<p><strong>Téléphone</strong>: 418 997.3025</p>
<p><strong>Télécopieur</strong>: 581 500.3701</p>
<p><strong>Courriel :</strong> info@lacertegcl.com</p>
<p><strong>Adresse de notification selon l’article 133 C.p.c.</strong> notification@lacertegcl.com[/vc_column_text][/vc_column][vc_column width= »1/3&Prime;][vc_single_image image= »16024&Prime; img_size= »large » alignment= »center » qode_css_animation= » »][/vc_column][/vc_row][vc_row css_animation= » » row_type= »row » use_row_as_full_screen_section= »no » type= »grid » angled_section= »no » text_align= »left » background_image_as_pattern= »without_pattern » z_index= » »][vc_column][vc_empty_space][vc_empty_space][vc_column_text]</p>
<p style="font-weight: 400; text-align: center;">Lacerte GCL inc. est responsable de la tenue et de la protection de tout renseignement personnel placé sous sa garde et met en place des mécanismes visant à assurer l&rsquo;exactitude, la sécurité et la confidentialité des renseignements personnels qu’elle détient sur ses clients, ses fournisseurs de services et autres particuliers.</p>
<p style="font-weight: 400; text-align: center;">Elle a désigné un responsable de la protection des renseignements personnels pour veiller à ce que l’entreprise respecte et mette en œuvre la <em>Loi sur la protection des renseignements personnels dans le secteur privé.</em></p>
<p style="font-weight: 400; text-align: center;"><strong>La responsable de la protection des renseignements personnels est Me Guylaine Lacerte, présidente.</strong></p>
<p style="font-weight: 400; text-align: center;">Vous pouvez la joindre en cliquant sur <a href="mailto:glacerte@lacertegcl.com">Contacter</a></p>
<p>[/vc_column_text][vc_empty_space][/vc_column][/vc_row]</p>

<p>[vc_row css_animation= » » row_type= »row » use_row_as_full_screen_section= »no » type= »grid » angled_section= »no » text_align= »left » background_image_as_pattern= »without_pattern » z_index= » »][vc_column][vc_column_text][/vc_column_text][vc_empty_space][/vc_column][/vc_row][vc_row css_animation= » » row_type= »row » use_row_as_full_screen_section= »no » type= »grid » angled_section= »no » text_align= »left » background_image_as_pattern= »without_pattern » z_index= » »][vc_column width= »2/3&Prime;][vc_empty_space][vc_column_text] Contact [/vc_column_text][vc_empty_space][vc_column_text]Adresse: 1190-B de Courchevel # 400 Lévis (Québec) G6W 0M6 Téléphone: 418 997.3025 Télécopieur: 581 500.3701 Courriel : info@lacertegcl.com Adresse de notification selon l’article 133 C.p.c. notification@lacertegcl.com[/vc_column_text][/vc_column][vc_column width= »1/3&Prime;][vc_single_image&#8230;</p>
